(h) = 2*h - 12. Let q be j(6). Suppose 0 = 2*k + k - 15. Suppose q = -3*u + 2*n + 20, -5*u = -u - k*n - 36. What is the units digit of u?
4
What is the tens digit of 3370/20 - (15/(-6) + 2)?
6
Suppose 5*x + 36 = x + 4*q, -4*x = -3*q + 35. Let b = 0 + x. What is the tens digit of (104/6)/(b/(-12))?
2
Let y be 2 + 11/((-44)/(-920)). Suppose 4*a - y = 5*m, 33 = a + 3*m - 25. What is the tens digit of a?
5
Let y(z) = -z**3 - 6*z**2 + 11*z + 5. What is the hundreds digit of y(-10)?
2
Let j(g) = -2*g - 21. Let s(l) = 5*l + 63. Let b(d) = -17*j(d) - 6*s(d). Suppose 2*r = -5*r + 105. What is the tens digit of b(r)?
3
Suppose -4*j = 2*h + 8, -3*h = 3*j + 6 + 6. What is the tens digit of 59 - (14/(-4) - 2/h)?
6
Let l be 52*((0 - -1)*4 - 9). Let y = 377 + l. What is the units digit of y?
7
What is the hundreds digit of (11225/20 + 9)*4?
2
Let w(h) = h**3 + 36*h**2 - 2 - 7*h + 41*h**2 - 79*h**2. What is the units digit of w(6)?
0
Suppose -2*p + 4 = -3*p, 2*w = 4*p + 22. Suppose -40 - 5 = -w*j. What is the tens digit of j?
1
Let t = -614 + 953. What is the hundreds digit of t?
3
Let s(j) = 3*j**2 + 5*j + 43. What is the hundreds digit of s(10)?
3
Suppose 24*f - 1278 = -2*c + 26*f, 3*c - 1917 = -3*f. What is the hundreds digit of c?
6
Suppose 12*z = 13*z. Suppose -x - s + 68 = z, -5*s + 268 = 7*x - 3*x. What is the units digit of x?
2
What is the hundreds digit of ((-1128)/16)/(3/(-10))?
2
Suppose 0 = -4*h + 6*h - 4. What is the tens digit of 61/(-1 - (0 - h))?
6
Let x(w) = w**3 - w**2 - w + 120. Let g be x(0). Suppose 4*n - g = 48. What is the units digit of n?
2
Let b(u) = -5*u**3 - u**2 - 3*u - 1. Let r be b(-2). Suppose -k = 3*o - r, -4*k - k + 175 = 5*o. Suppose 29 = p - k. What is the tens digit of p?
6
Suppose 14 = 3*v - 4*h, 2*v - h - 3*h - 4 = 0. Suppose 0*p + 810 = v*p. What is the tens digit of p?
8
Suppose 4*o = -8*a + 3*a - 12, 0 = -3*a + 2*o + 6. Suppose a = f - 70 - 58. What is the units digit of f?
8
Let u = 147 + 988. What is the tens digit of u?
3
Suppose 2*l + 47 = 19. Let z = l - -14. Suppose -3*g + 50 + 79 = z. What is the units digit of g?
3
Let k(u) = u - 2. Let n be k(2). Suppose 4*m + 44 = -4*b, -3*b - 2*m - 3*m - 37 = n. What is the tens digit of (-10)/45 - 101/b?
1
Let c be (0 - 2)/((-1)/(-5)). Let k be (214/c)/(8/(-40)). Suppose -61 - k = -4*t. What is the tens digit of t?
4
Suppose 7*m - 11115 - 9059 = 0. What is the thousands digit of m?
2
Suppose u - 6*u = -210. Suppose 4*c + u = g, -2 - 2 = -2*c. What is the tens digit of g?
5
Let i(q) = 2*q - 16. Let s(x) = 3*x - 15. Let w(k) = -4*i(k) + 5*s(k). Suppose 5*b - 3 = 7, -b - 28 = -5*g. What is the tens digit of w(g)?
3
Let p = -1 - -1. Suppose 17 = j + 4*c, p = -5*j + 2*j - 3*c + 78. What is the units digit of j?
9
Suppose -2*d - y = 2*d - 494, d - 130 = 3*y. Suppose -3*w + 50 = -d. What is the tens digit of w?
5
What is the units digit of (-2 - -956)*4/((-40)/(-15))?
1
Suppose -i - 5*o + 544 = 0, -5*o = 4*i - 1389 - 787. What is the tens digit of i?
4
Suppose 11*u + 72716 = 25*u. What is the units digit of u?
4
Let p = 3992 + -2694. What is the thousands digit of p?
1
Suppose 0 = -2*b + 5*l - 50, -8*l + 4*l = -3*b - 68. Let g = b + 29. Suppose 3*d + 3 = g. What is the units digit of d?
2
Let l be 207/27 + (-4)/(-3). Suppose -2630 = -l*y - y. What is the tens digit of y?
6
Let d(z) = z**2 + 2*z + 3. Let u be d(-2). Suppose u*i - 18 = -2*v + 50, v + 109 = 5*i. What is the tens digit of i?
2
Let z be 2 - 2/((-2)/3). Suppose 0 = a + 2*o - 15, -4*a - z*o + 68 = 20. Let x(j) = 2*j - 4. What is the units digit of x(a)?
0
Let n(p) = -19*p**3 - p**2 + 2*p + 2. Let m be n(-1). Let j = 41 + m. What is the units digit of j?
9
Let i be -270*(3/(-6))/(1 - 0). Suppose 30 = k + o, -4*k = -0*o - o - i. What is the units digit of k?
3
Let g(i) = 49*i - 17. Let f(k) = 25*k - 9. Let x(p) = 11*f(p) - 6*g(p). What is the tens digit of x(-5)?
9
Suppose -2*o - 8 = -6*o. Suppose -3*f + 12 = 0, 0 = 4*k + k + 3*f - o. Let r(n) = -4*n**3 - 3*n**2 + 2. What is the tens digit of r(k)?
2
Let w(o) = 24*o**2 - 16*o + 1. What is the tens digit of w(5)?
2
Let w(l) = 2*l**2 + 41*l + 86. What is the units digit of w(-27)?
7
Suppose -2*f - 8 = -2*o, 4*o - 4*f - 10 = -3*f. Suppose o*d - 56 = -6. What is the tens digit of d?
2
Suppose 0 = -2*p - 3*h + 60 + 77, -259 = -4*p - h. Suppose -o + p = 16. What is the units digit of o?
8
What is the units digit of (-7695)/(-20) - 1/(-4)?
5
Let i(l) = -l**3 + 258*l - 20. What is the tens digit of i(-18)?
6
What is the thousands digit of (11 + -225)*21/(-3)?
1
What is the units digit of (-3 - -8) + -8 + 303?
0
Let q = 0 - 1. Suppose 7*c - 63 + 0 = 0. What is the units digit of (1*q)/(c/(-279))?
1
Suppose -3*v - 1342 = -2*n, -n + v = -198 - 474. What is the units digit of n?
4
Let y = 4636 + -1655. What is the tens digit of y?
8
Let k(s) = 7*s**3 + 4*s**2 - 8*s - 6. Let x(y) = 6*y**3 + 5*y**2 - 9*y - 5. Let n(o) = -5*k(o) + 6*x(o). What is the tens digit of n(-11)?
3
Let b = 56 - 21. What is the units digit of 49/b - (-9)/15?
2
Suppose -5*f = 2*t - 2658, -f - 6*t = -4*t - 530. What is the tens digit of f?
3
Let y = 18 - 12. What is the units digit of 2/y - 2230/(-15)?
9
What is the thousands digit of 64838/51 + (-2)/6?
1
Let f be 3 - (5 + -1)/4. Let b be 0/(2 + -1 + f). Suppose b*d - 70 = -5*d. What is the tens digit of d?
1
Let y(l) be the first derivative of -l**2/2 - 3*l + 6. Let j be y(-8). Suppose c + 3*t + 9 = 0, 11 + 8 = j*c - t. What is the units digit of c?
3
What is the units digit of 50477/13 - (10/(-65))/1?
3
Let h be (-6 - -4)*(0 + 1). Let m = h - -20. Suppose 5*u - 6*b - 50 = -b, 0 = 5*u + 3*b - m. What is the units digit of u?
6
What is the hundreds digit of ((-124)/(-32))/((-2)/(-184))*2?
7
Suppose -3*r - 2*h + 18 = -r, 0 = -r + 5*h - 21. Let j(g) = -g**3 + 4*g**2 - 2*g + 9. What is the units digit of j(r)?
1
Let y(j) = j**3 + 11*j**2 - 24*j - 24. What is the units digit of y(-10)?
6
What is the tens digit of (20197/38)/(3/24)?
5
Suppose -158*i = -147*i - 19415. What is the units digit of i?
5
Let r = -5864 - -9056. What is the hundreds digit of r?
1
Let a be 0 + 31 + -4 + 3. Let c = a + -32. What is the units digit of 0/(-4) - c - -3?
5
Let d be 4 - 5 - -4 - 0. Let j = d - -33. What is the units digit of j?
6
Let t(f) = -64*f - 135. What is the tens digit of t(-15)?
2
What is the hundreds digit of (-10)/(-4) - (-130075)/110?
1
Let r be 1/((-9)/(-4) + -2). Let a be 62/r*4 - -2. Suppose 4*s - a - 68 = 0. What is the units digit of s?
3
What is the hundreds digit of 7/1 - (-39 - 2846)?
8
Suppose 2*v - 6*v - 4 = 0. Let k(x) = 6*x**2 - 1. Let j be k(v). Let b = 10 + j. What is the tens digit of b?
1
Let w be (-2)/(-1)*(1 + (2 - -40)). Let q = w + -63. What is the units digit of q?
3
Let c(f) = -65*f**3 - f**2 + f - 1. Let m be c(1). What is the units digit of (m/9)/((-5)/45)?
6
Let c(p) = -p**2 + 1. Let k(v) = v**3 + 13*v**2 - v - 9. Let u(i) = 6*c(i) + k(i). Let z be ((-12)/10)/((-2)/(-10)). What is the tens digit of u(z)?
3
Suppose -5*h + 4*i + 6634 = 0, 17*i - 5300 = -4*h + 13*i. What is the tens digit of h?
2
Suppose 0*k = 5*k - 205. Let o(d) = 4*d - 4. Let w be o(5). Let r = k - w. What is the units digit of r?
5
Suppose 0 = -2*b - 4*o + 14, 5*b - 35 = -0*o + o. Suppose 2*g - 1 = -b, -3*g + 5 = 2*p. What is the units digit of p?
7
Let z(u) be the first derivative of u**3 - 25*u**2/2 - u - 35. What is the tens digit of z(10)?
4
Let o be 3 + (-20)/5 + 3. Suppose 4*v + o*i - 132 = 0, -5*v + 2*i = -0*i - 165. What is the tens digit of v?
3
What is the units digit of -1 + (-6)/3*6818/(-28)?
6
What is the hundreds digit of 545 - ((-36)/(-24))/((-6)/8)?
5
Suppose 0 = 4*l - l - 6. Suppose -i + l = -3. Suppose 4*x + 5*k = 19, k + 3 - 11 = -i*x. What is the units digit of x?
1
Suppose 0 = -3*g - 5*c - 18 - 1033, 704 = -2*g - 4*c. Let k = -182 - g. Let t = -102 + k. What is the units digit of t?
8
Suppose 5*i - 3*o + 314 + 113 = 0, 5*i + 4*o + 434 = 0. Let k = i + 8. What is the units digit of k/(-4) + (-3)/6?
9
Let c = -21 - -30. Suppose -8*z = -c*z + 84. What is the units digit of z?
4
Let v be 1/4 - (-2286)/8. Let d = v - 50. Suppose 0 = -0*z + 4*z - d. What is the units digit of z?
9
Suppose -5*d - 2*y + 14323 = 0, 302 = y + 303. What is the tens digit of d?
6
Let